0*b**2 - p*b**2 - b. Give u(2).
-4
Suppose -11 - 45 = -7*t. Let i(q) = -q**3 + 8*q**2 - 2*q + 11. What is i(t)?
-5
Let n(k) be the second derivative of k**4/12 - k**3/3 - k**2 + k. What is n(4)?
6
Let m = -8 + 6. Let q(d) be the second derivative of 4*d**3/3 + 3*d**2/2 - 9*d. What is q(m)?
-13
Let f(h) be the first derivative of -h**6/360 + 7*h**5/120 - h**4/6 + h**3/3 - 2. Let m(q) be the third derivative of f(q). Determine m(6).
2
Let b(m) = m + 6. Let i be b(-5). Let f(p) = 0 - 3*p + 8*p + i + 4*p. What is f(1)?
10
Let g(w) be the first derivative of -w**2/2 - 4*w + 2. Suppose -5*v = -5 - 20. Suppose -10 = -5*k, -v*k + 22 = -l + 5*l. Determine g(l).
-7
Let p(y) be the third derivative of y**4/24 + y**3/6 + 14*y**2. Calculate p(-6).
-5
Suppose -5 + 14 = -3*r. Let g(i) be the third derivative of -1/20*i**5 + 1/6*i**4 + 2/3*i**3 - 1/120*i**6 + 0*i + 0 - 4*i**2. Determine g(r).
-8
Let z(b) = b + 3. Let s(k) = 3*k**2 - k. Let a be s(-1). Determine z(a).
7
Let i(a) be the second derivative of a**5/4 - a**3/6 + 2*a. Let v(m) = m - 1. Let t(o) = o. Let l(p) = 3*t(p) - 4*v(p). Let n be l(5). Calculate i(n).
-4
Let o(t) be the second derivative of -t**4/12 + 5*t**3/6 + t**2 + 6*t. Calculate o(6).
-4
Let r(c) = 12*c. Let n(x) = x. Let s(v) = -18*n(v) + 2*r(v). Let z(o) = -5*o. Let f(u) = -3*s(u) - 4*z(u). Calculate f(-2).
-4
Let r be ((-88)/(-6))/((-2)/(-3)). Suppose -2*b - 4*u = u - r, -4*u + 14 = -2*b. Let s(n) = -9*n**2 + n. Determine s(b).
-8
Let i(o) = o - 1. Let l be i(-3). Let s(a) = -2*a**2 - 10*a + 5. Let k(v) = 2*v**2 + 9*v - 5. Let b(w) = 6*k(w) + 5*s(w). Determine b(l).
11
Suppose -2*b + 15 = 11. Let h(k) be the second derivative of -3*k + 1/6*k**3 + 0 + 3/2*k**b. Calculate h(-4).
-1
Let k be (-88)/(-6) - (-3)/9. Let f be k/6 - 1/2. Let s(u) = -2 - f - u + 2*u. Determine s(0).
-4
Let b(k) = 5*k**2 - 5*k - 3*k**2 + k**3 + 2*k**2 + 2. Let t(i) be the first derivative of i**2/2 + 3*i - 2. Let z be t(-8). Determine b(z).
2
Let o(w) = -3*w + 5*w + w**2 + 8*w. Let z(l) = l**3 - 13*l**2 + 12*l - 10. Let k be z(12). Let p be o(k). Let r(a) = a - 3. What is r(p)?
-3
Let l(k) be the second derivative of 0 + 1/6*k**3 + 2*k + k**2. Suppose 4*j + 2*w + 12 = 0, 0*j + 4*j - 4*w = -36. Determine l(j).
-3
Let f(h) = -h**3 - 6*h**2 - 2*h + 2. Let s be f(-5). Let g be (1/2)/(s/(-78)). Let t(u) be the first derivative of -u**2/2 + 2*u - 1. Calculate t(g).
-1
Let h(b) = -b**3 + 11*b**2 - 2*b + 21. Let c be h(11). Let w(d) be the third derivative of -d**6/30 + d**5/30 + d**4/12 + d**3/6 - d**2. What is w(c)?
5
Let q(n) = 5*n**3 + n**2 - 2*n**3 + 0*n**3. Let b be q(-1). Let h(v) = -3*v - 1. What is h(b)?
5
Let o(d) = 2*d**2 - 9*d - 10. Let k be o(5). Let j(i) = i**2 + 3*i - 7. Calculate j(k).
3
Let p(s) be the second derivative of s**5/20 - s**3/6 - 10*s**2 + 9*s. Calculate p(0).
-20
Let f(y) = -y**3 + 7*y**2 - 7*y. Let d(z) = z**2 + 12*z + 25. Let q be d(-10). Give f(q).
15
Let r(o) be the first derivative of -3*o**2 + o - 37. What is r(-1)?
7
Let m(u) = -u**3 - 8*u**2 - 2. Let q be ((-24)/2 + 0)/((-9)/(-6)). Determine m(q).
-2
Let s(l) = 3*l + 5. Let b be 2/((-8)/36) + -1. Let o = b - -6. Give s(o).
-7
Let y(i) be the first derivative of i**6/360 - i**5/24 + 7*i**4/24 - i**3 - 3. Let t(r) be the third derivative of y(r). Suppose 0*v = v - 5. Calculate t(v).
7
Let u(x) = -x + 1. Suppose -29 + 14 = 3*b. Let s = 0 + 1. Let w = b + s. What is u(w)?
5
Let y = 8 - 8. Suppose -4*x + 2*x + 10 = y. Let d(c) = -x + 2*c + 4*c - 5*c**2 - c - c**3. Calculate d(-6).
1
Let c(f) be the first derivative of -f**2/2 - 4*f + 4. Let m(r) = 1. Let v(n) = -n**2 - 5*n + 1. Let g be v(-5). Let w(z) = g*c(z) + 6*m(z). Give w(-4).
6
Let k = 1 - 0. Suppose k = j - 2. Let i(f) = f - 3*f + 3 + 2 - j. Calculate i(3).
-4
Let y(k) = k**3 + 3*k**2 - 4*k - 1. Let q = -92 - -88. What is y(q)?
-1
Let z(n) = 7*n - 1. Let x(a) = -15*a + 3. Let y(r) = -4*x(r) - 9*z(r). What is y(-2)?
3
Suppose -24 = 3*h + 3*h. Let o(r) = r**2 + 3*r. Give o(h).
4
Let d(n) = -20*n**3 - 6*n**2 - 26*n + 17. Let l(c) = -7*c**3 - 2*c**2 - 9*c + 6. Let b(k) = 6*d(k) - 17*l(k). Calculate b(-2).
6
Let k(q) = q + 2. Suppose 13 + 3 = -4*x. Let j(f) = -2*f - 5. Let i be j(x). Give k(i).
5
Let g(a) = -a**3 + 4*a**2 + 7*a - 6. Suppose -11 = -5*r + 114. Suppose d + 4*d - r = 0. Determine g(d).
4
Let b(l) be the second derivative of -l**3/6 - l**2 - 20*l. Calculate b(-8).
6
Let s(a) be the first derivative of a**4/4 + 2*a**3 - a - 49. Determine s(-6).
-1
Let a(l) be the second derivative of 3*l**3/2 - 3*l**2/2 + l. Let k(g) = g - 3*g + 3*g. Let x(w) = a(w) - 6*k(w). What is x(3)?
6
Let u(z) = 5*z**3. Suppose 5*n = 3*j - 3, -2*j + 0 = -n - 2. Calculate u(j).
5
Let q(r) = 7*r**2 + 7*r + 571 - r**3 - 580 - 2*r**2. Let w be (-3 + 0)*(-1 + -1). Calculate q(w).
-3
Let d(w) be the first derivative of -w**4/4 + 5*w**3/3 + 7*w**2/2 - 4*w - 6. Let z be 6/12 + 7/2. Suppose 30 = 3*l + z*x, -4*x + 3 = -l - x. Determine d(l).
2
Let j(n) = -n. Let o(y) = -y + 1. Let w(m) = 6*j(m) - o(m). Suppose -5*b + 16 = 5*g - 4, b + 3*g - 10 = 0. Determine w(b).
-6
Let l(t) be the second derivative of -t**3/3 + 3*t. Calculate l(-4).
8
Let x(q) = 13*q**3 - 11*q**3 + 9*q**3 - 1. Suppose -3*t + 4 = t. Calculate x(t).
10
Suppose 0*m - 5*m = 0. Let q = m + 2. Let d(a) = -3 + 4 - q + a. Give d(-2).
-3
Let z(l) = -l. Let f(w) = -4*w + 1. Let d(h) = -f(h) + z(h). What is d(-4)?
-13
Let p(k) = 11*k. Suppose -3*u = -2*u + 2. Let f be 34/6 - u/(-3). Suppose -a = c, -3*c + f*a = 4*a - 4. Give p(c).
11
Let t = 4 + -3. Suppose 0 = -5*v - r + 18, -5*v + 3*r - 1 + 27 = 0. Let j(o) = 3*o - o + v*o. Give j(t).
6
Suppose 0 = 3*r - 5*m + 6, 5*r - m - 8 - 4 = 0. Let z(h) = 14*h**2 - h + 3. Let b(a) = -16*a**2 + a - 3. Let g(y) = -6*b(y) - 7*z(y). Give g(r).
-18
Let z(o) = -o - 10. Let g(b) = b**2 - 2*b - 8. Let y be g(-4). Let d = y - 22. Determine z(d).
-4
Suppose 0 = -4*p - 5*n - 24, 3*n + 2*n = 3*p - 17. Let c(l) = -8*l**3 + 2*l**2 + 2*l + 1. Calculate c(p).
9
Let i(c) = 1 + 7 - c + 2*c - 9. Determine i(1).
0
Let f(t) = -t**2 - t. Let m be f(1). Let v(c) be the first derivative of -1/4*c**4 - 1/3*c**3 + 0*c**2 - 4 + 0*c. What is v(m)?
4
Let h(i) be the first derivative of i**3/3 + 3*i**2/2 - 4*i - 2. What is h(-3)?
-4
Let s(u) be the second derivative of u**3/6 - 2*u**2 + 9*u. What is s(4)?
0
Let l(j) be the second derivative of -j**4/4 - j**3/3 + j**2/2 - 5*j. Let u = 4 + -3. Determine l(u).
-4
Let v(f) = f**2 + 3*f - 3. Let j = -2 + -3. Let l = 1 + j. What is v(l)?
1
Let l(z) = -13*z - 1. Suppose -4*c = -6 + 2. Give l(c).
-14
Let q(x) = 5*x**2 + 3*x - 3. Let k(o) = o**2 + o. Let m(b) = -6*k(b) + q(b). What is m(-4)?
-7
Let u(l) = -3*l. Let v(w) = 16*w + 1. Let z = -10 + 19. Let c be 3*-1*6/z. Let f(h) = c*v(h) - 11*u(h). Give f(-5).
-7
Let k(f) be the second derivative of 0*f**2 + 0*f**4 + 1/30*f**5 - f + 0 + 1/3*f**3 - 1/180*f**6. Let h(j) be the second derivative of k(j). Give h(3).
-6
Let b(f) be the first derivative of -f**3/3 + 2*f**2 - f + 7. What is b(3)?
2
Let m(a) = a**3 - a**2 + 1. Let f(z) = 2*z**3 - 5*z**2 - 6*z - 5. Let k(c) = f(c) - m(c). What is k(5)?
-11
Let v be 4 - 3 - (-12 + 1). Let o = -8 + v. Let k(p) = -p**2 + 2*p - 1. Determine k(o).
-9
Let v(s) = -7*s**3 - 2*s**2 - 5*s + 7. Let g(j) = -10*j**3 - 3*j**2 - 8*j + 11. Let l(d) = 5*g(d) - 8*v(d). Let n be (1/(-1))/(-3 + 2). Calculate l(n).
6
Let b(o) = 1. Let m(d) = d - 2. Let w(t) = -5*b(t) + m(t). Suppose -2*x - 2*g + 0*g = -2, 4*x - 28 = 2*g. What is w(x)?
-2
Let t(b) = -2*b**3 - 3*b**2 - 5 - 5*b + 3*b**3 + 12 + 8*b**2. Determine t(-6).
1
Let l(u) = -3*u**2 - 10*u - 8. Let s(b) = -2*b**2 - 5*b - 4. Suppose -2 = p - 3*d, -5*p - d - 30 + 4 = 0. Let o(v) = p*s(v) + 3*l(v). Calculate o(6).
2
Let s(c) be the third derivative of -5*c**4/12 - c**3/6 - 5*c**2. Suppose 2*g + 4*l - l = 8, 2*g + 5*l - 12 = 0. Calculate s(g).
-11
Let l(f) = 4 - 7*f - 5 + 11*f. Determine l(2).
7
Let x(c) = -6 + c**2 - 8*c + 3 + c. Let t(y) = -2*y**2 + 8*y + 3. Let q(b) = -2*t(b) - 3*x(b). Let h be q(-5). Let a(s) = -s + 5. Calculate a(h).
2
Suppose u - 4*u - 3 = 0, -2*o + 2*u = -14. Suppose t + 2*t = -o. Let c(p) be the second derivative of p**5/20 - p**3/6 - p**2 + 2*p. Determine c(t).
-8
Let l = 0 - -3. Let v(d) = 4*d + 2. Le